{"id":2435,"date":"2018-11-10T13:59:22","date_gmt":"2018-11-10T13:59:22","guid":{"rendered":"https:\/\/pierismassage.com\/?page_id=2435"},"modified":"2018-11-10T13:59:22","modified_gmt":"2018-11-10T13:59:22","slug":"erotikus-masszazs-munka-2","status":"publish","type":"page","link":"https:\/\/googleadultseo.com\/massage-templates1\/erotikus-masszazs-munka-2\/","title":{"rendered":"\u00c1ll\u00e1saj\u00e1nlat"},"content":{"rendered":"<h2>\u00c1LL\u00c1SAJ\u00c1NLAT (MASSZ\u0150Z)<\/h2>\n<h1><a href=\"https:\/\/pierismassage.com\/job-offer-erotic-massage-budapest\/\">Budapest belv\u00e1rosi massz\u00e1zs szalonj\u00e1ba fiatal h\u00f6lgyeket keres\u00fcnk, ak\u00e1r azonnali kezd\u00e9ssel!<br \/>\nErotic massage work and job in Budapest For ENGLISH version click HERE &gt;&gt;&gt;<\/a><\/h1>\n<p>\t\t\t\t\t<svg aria-hidden=\"true\" viewBox=\"0 0 384 512\" xmlns=\"http:\/\/www.w3.org\/2000\/svg\"><path d=\"M0 512V48C0 21.49 21.49 0 48 0h288c26.51 0 48 21.49 48 48v464L192 400 0 512z\"><\/path><\/svg><br \/>\n\t\t\t\t\t\t\t\t\t\t\t\t\t<img loading=\"lazy\" decoding=\"async\" width=\"1024\" height=\"324\" src=\"https:\/\/pierismassage.com\/wp-content\/uploads\/2018\/11\/allasajanlat-erotikus-masszazs-header-1024x324.jpg\" alt=\"\" srcset=\"https:\/\/pierismassage.com\/wp-content\/uploads\/2018\/11\/allasajanlat-erotikus-masszazs-header-1024x324.jpg 1024w, https:\/\/pierismassage.com\/wp-content\/uploads\/2018\/11\/allasajanlat-erotikus-masszazs-header-300x95.jpg 300w, https:\/\/pierismassage.com\/wp-content\/uploads\/2018\/11\/allasajanlat-erotikus-masszazs-header-768x243.jpg 768w, https:\/\/pierismassage.com\/wp-content\/uploads\/2018\/11\/allasajanlat-erotikus-masszazs-header.jpg 1899w\" sizes=\"auto, (max-width: 1024px) 100vw, 1024px\" \/><br \/>\n\t\tBudapest belv\u00e1ros\u00e1nak egyik legsz\u00ednvonalasabb massz\u00e1zsszalonj\u00e1ba keress\u00fck azokat a h\u00f6lgyeket, akik sz\u00edvesen keresn\u00e9nek az \u00e1tlagn\u00e1l t\u00f6bb p\u00e9nzt egy k\u00e9nyelmes, csal\u00e1dias \u00e9s biztons\u00e1gos munkahelyen.<br \/>\nGARANT\u00c1LTAN nem kell t\u00f6bbet szolg\u00e1ltatnod, valamint p\u00e1r napon bel\u00fcl magas j\u00f6vedelemre sz\u00e1m\u00edthatsz, ak\u00e1r r\u00e9szmunkaid\u0151ben is.<br \/>\nAmit mi elv\u00e1runk:<br \/>\n\u2013 bar\u00e1ts\u00e1gos, udvarias szem\u00e9lyis\u00e9g<br \/>\n\u2013 j\u00f3 kapcsolatteremt\u0151 \u00e9s probl\u00e9mamegold\u00f3 k\u00e9szs\u00e9g<br \/>\n\u2013 fontos az ig\u00e9nyes, \u00e1polt megjelen\u00e9s, valamint a terhelhet\u0151s\u00e9g.<br \/>\nAz \u00e1ll\u00e1s bet\u00f6lt\u00e9s\u00e9hez el\u0151nyt jelent:<br \/>\n\u2013 szakir\u00e1ny\u00fa v\u00e9gzetts\u00e9g, vagy hasonl\u00f3 ter\u00fcleten szerzett tapasztalat<br \/>\n\u2013 alap vagy k\u00f6z\u00e9pszint\u0171 nyelvismeret el\u0151ny, azonban nem felt\u00e9tel.<br \/>\nCser\u00e9be rugalmas munkaid\u0151 beoszt\u00e1st biztos\u00edtunk, kellemes, tiszta k\u00f6rnyezetet, valamint egy energikus \u00e9s j\u00f3l egy\u00fctt m\u0171k\u00f6d\u0151 csapatot.<br \/>\n<strong>Ha \u00fagy \u00e9rzed, ezen tulajdons\u00e1gokkal rendelkezel \u00e9s szeretn\u00e9l \u00e1tlagon fel\u00fcli fizet\u00e9st,<\/strong><br \/>\nakkor vagy ezen a telefonsz\u00e1mon -&gt; <strong>+36-70-508-5231<\/strong> jelentkezhetsz, illetve k\u00fcldd el k\u00e9rlek, a f\u00e9nyk\u00e9pes \u00f6n\u00e9letrajzodat a <strong>pierismassage@gmail.com<\/strong> e-mail c\u00edmre \u00e9s felvessz\u00fck veled a kapcsolatot!<br \/>\nTov\u00e1bb\u00e1 az alul tal\u00e1lhat\u00f3 kapcsolati \u0171rlap kit\u00f6lt\u00e9s\u00e9vel tudod elk\u00fcldeni a jelentkez\u00e9sedet.<br \/>\nV\u00e1rjuk a jelentkez\u00e9sedet!<br \/>\n\t\t\t<a href=\"https:\/\/pierismassage.com\/recepcios-allas-budapest\/\"><br \/>\n\t\t\t\t\t\t\t\t\t FRISS \u00c1LL\u00c1SAJ\u00c1NLAT: RECEPCI\u00d3S MUNKAT\u00c1RS<br \/>\n\t\t\t\t\t<\/a><br \/>\n\t\t\t<a href=\"https:\/\/api.whatsapp.com\/send\/?phone=36707066696&#038;text&#038;type=phone_number&#038;app_absent=0\"><br \/>\n\t\t\t\t\t\t\t\t\t K\u00e9rd\u00e9sed van? Jelentkezz Whatsapp-on!<br \/>\n\t\t\t\t\t<\/a><br \/>\n\t\t<strong>Egy\u00e9b inform\u00e1ci\u00f3k:<\/strong><br \/>\n<br \/>\nA Pieris Massage szalon Budapest egyik legn\u00edv\u00f3sabb massz\u00e1zs szalonja.<br \/>\n<br \/>\nSemmilyen jelleg\u0171 szexu\u00e1lis szolg\u00e1ltat\u00e1sra nincs lehet\u0151s\u00e9g!<br \/>\n<br \/>\nSzalonunkban kiz\u00e1r\u00f3lag tantrikus \u00e9s erotikus massz\u00e1zs szolg\u00e1ltat\u00e1s vehet\u0151 ig\u00e9nybe a t\u00f6bbi massz\u00e1zs t\u00edpuson fel\u00fcl.Kiz\u00e1r\u00f3lag massz\u0151z\u00f6ket keres\u00fcnk massz\u00e1zs szolg\u00e1lt\u00e1sra, semmilyen egy\u00e9b szolg\u00e1ltat\u00e1sra nincs lehet\u0151s\u00e9g!<br \/>\nEzen inform\u00e1ci\u00f3k birtok\u00e1ban v\u00e1rjuk a jelentkez\u00e9sed sok szeretettel. \ud83d\ude42\t\t<\/p>\n<h3>Kapcsolati \u0171rlapunk kit\u00f6lt\u00e9s\u00e9vel k\u00e9nyelmesen felveheted vel\u00fcnk a kapcsolatot<\/h3>\n<p>\t\t\t\t\t<svg aria-hidden=\"true\" viewBox=\"0 0 384 512\" xmlns=\"http:\/\/www.w3.org\/2000\/svg\"><path d=\"M0 512V48C0 21.49 21.49 0 48 0h288c26.51 0 48 21.49 48 48v464L192 400 0 512z\"><\/path><\/svg><\/p>\n","protected":false},"excerpt":{"rendered":"<p>\u00c1LL\u00c1SAJ\u00c1NLAT (MASSZ\u0150Z) Budapest belv\u00e1rosi massz\u00e1zs szalonj\u00e1ba fiatal h\u00f6lgyeket keres\u00fcnk, ak\u00e1r azonnali kezd\u00e9ssel! Erotic massage work and job in Budapest For ENGLISH version click HERE &gt;&gt;&gt; Budapest belv\u00e1ros\u00e1nak egyik legsz\u00ednvonalasabb massz\u00e1zsszalonj\u00e1ba keress\u00fck azokat a h\u00f6lgyeket, akik sz\u00edvesen keresn\u00e9nek az \u00e1tlagn\u00e1l t\u00f6bb p\u00e9nzt egy k\u00e9nyelmes, csal\u00e1dias \u00e9s biztons\u00e1gos munkahelyen. GARANT\u00c1LTAN nem kell t\u00f6bbet szolg\u00e1ltatnod, valamint p\u00e1r napon [&hellip;]<\/p>\n","protected":false},"author":1,"featured_media":0,"parent":0,"menu_order":0,"comment_status":"closed","ping_status":"closed","template":"elementor_header_footer","meta":{"_acf_changed":false,"footnotes":""},"class_list":["post-2435","page","type-page","status-publish","hentry"],"acf":[],"_links":{"self":[{"href":"https:\/\/googleadultseo.com\/massage-templates1\/wp-json\/wp\/v2\/pages\/2435","targetHints":{"allow":["GET"]}}],"collection":[{"href":"https:\/\/googleadultseo.com\/massage-templates1\/wp-json\/wp\/v2\/pages"}],"about":[{"href":"https:\/\/googleadultseo.com\/massage-templates1\/wp-json\/wp\/v2\/types\/page"}],"author":[{"embeddable":true,"href":"https:\/\/googleadultseo.com\/massage-templates1\/wp-json\/wp\/v2\/users\/1"}],"replies":[{"embeddable":true,"href":"https:\/\/googleadultseo.com\/massage-templates1\/wp-json\/wp\/v2\/comments?post=2435"}],"version-history":[{"count":0,"href":"https:\/\/googleadultseo.com\/massage-templates1\/wp-json\/wp\/v2\/pages\/2435\/revisions"}],"wp:attachment":[{"href":"https:\/\/googleadultseo.com\/massage-templates1\/wp-json\/wp\/v2\/media?parent=2435"}],"curies":[{"name":"wp","href":"https:\/\/api.w.org\/{rel}","templated":true}]}}